2 + 2*b - 1. What is j(-2)?
-17
Let s(v) = -2*v**2 + 12*v + 6. Determine s(7).
-8
Let h(q) = 2*q**3 - 13*q**2 - 4*q + 8. Give h(6).
-52
Let d(l) = 2*l - 25. Give d(10).
-5
Let d(f) = -f**2 + 3*f + 4. Calculate d(-3).
-14
Let q(y) = -8*y. Determine q(-1).
8
Let d(t) = -2*t**3 - 15*t**2 - 6*t + 3. What is d(-7)?
-4
Let q(u) = -u**3 - u**2 + 6*u + 4. Give q(0).
4
Let r(n) = n**2 + 9*n + 5. What is r(-8)?
-3
Let x(v) = v**2 + 6*v - 7. Give x(5).
48
Let f(u) = -u**2 + 13*u + 5. Give f(13).
5
Let a(m) = -3*m + 9. Determine a(9).
-18
Let f(n) = 2*n**3 + 71*n**2 + 43*n + 281. What is f(-35)?
1
Let n(f) = f**2 - 31*f - 48. Calculate n(32).
-16
Let z(w) = w**3 + 7*w**2 + 3*w - 6. What is z(-6)?
12
Let b(l) = -l**3 + 7*l**2 - 8*l + 3. What is b(4)?
19
Let y(o) = -o + 19. Calculate y(8).
11
Let f(w) = 2*w + 11. Calculate f(6).
23
Let s(m) = 10*m + 17. Calculate s(-2).
-3
Let g(l) = -l**2 + 17*l + 30. Give g(17).
30
Let h(g) = -g**2 + 12*g - 21. Determine h(9).
6
Let t(f) = f**3 + 8*f**2 + 8*f + 3. What is t(-7)?
-4
Let x(r) = 3*r**3 - 2*r**2 + 3*r + 3. What is x(-1)?
-5
Let s(w) = -w**2 - 28*w - 33. Calculate s(-27).
-6
Let l(z) = -9*z + 68. Determine l(8).
-4
Let u(k) = -k**2 + 85. Give u(10).
-15
Let a(r) = r**3 + 5*r**2 + 9*r + 9. Determine a(-6).
-81
Let v(x) = x**2 + 23*x + 46. What is v(-20)?
-14
Let x(d) = 6*d**2 - 83*d + 6. Give x(14).
20
Let t(q) = q**3 + 9*q**2 + 2*q + 13. What is t(-9)?
-5
Let r(y) = 11*y - 9. Give r(-2).
-31
Let v(n) = 14*n - 2. Determine v(3).
40
Let n(b) = 8*b**2 - 3*b - 20. Calculate n(-3).
61
Let j(a) = 15*a - 66. What is j(4)?
-6
Let t(s) = 7*s**2 - 2*s + 7. Give t(3).
64
Let v(k) = -10*k**2 + 19*k - 4. Calculate v(2).
-6
Let o(a) = a**3 - 14*a**2 + 9*a + 3. Determine o(13).
-49
Let s(c) = -c**3 + 12*c**2 - c + 6. Determine s(12).
-6
Let c(g) = -g**3 + 10*g**2 + 9*g + 8. Give c(11).
-14
Let i(o) = -o + 9. What is i(-8)?
17
Let w(m) = -69*m + 1234. What is w(18)?
-8
Let v(f) = -f**3 - 5*f**2 - 3*f - 1. What is v(-3)?
-10
Let g(s) = -2*s + 5. Determine g(3).
-1
Let s(h) = 23*h + 288. Determine s(-13).
-11
Let p(z) = 2*z + 6. Give p(-15).
-24
Let l(q) = 2*q - 3. Calculate l(2).
1
Let h(g) = 11*g**3 - 2*g**2 + 7*g - 5. What is h(2)?
89
Let n(f) = -f**3 + 22*f**2 - 64*f + 10. Give n(19).
-123
Let h(w) = w**3 + w**2 - 1. Calculate h(1).
1
Let l(k) = -42*k**3 + 2*k - 2. Give l(1).
-42
Let b(f) = -f**3 + 7*f**2 - 8*f + 15. Calculate b(6).
3
Let v(p) = -p**3 - 14*p**2 - 12*p + 3. Determine v(-13).
-10
Let b(q) = -q**3 - 8*q**2 - 13*q - 5. Calculate b(-6).
1
Let b(m) = m**2 - 14*m + 5. Determine b(12).
-19
Let b(o) = 12*o - 1. Determine b(1).
11
Let b(z) = -z**2 - 4*z + 9. What is b(-7)?
-12
Let m(t) = -t**2 + 17*t + 14. Determine m(15).
44
Let c(s) = -s**3 - 8*s**2 - 3*s + 11. What is c(-8)?
35
Let p(o) = -6*o - 27. Determine p(-6).
9
Let z(v) = -v - 2. What is z(15)?
-17
Let y(w) = -w**3 - 7*w**2 + 4*w. Calculate y(-6).
-60
Let u(x) = 5*x**2 - 51*x + 2. Calculate u(10).
-8
Let k(z) = -13*z**2 + 8*z - 3. Determine k(3).
-96
Let s(p) = 86*p**2 - 4*p - 4. Give s(-1).
86
Let z(k) = -9*k - 29. Determine z(-4).
7
Let a(p) = -p**3 - p**2 + 9*p - 1. Calculate a(3).
-10
Let d(x) = 2*x + 45. Calculate d(-23).
-1
Let r(t) = t - 10. Calculate r(15).
5
Let s(r) = 4*r + 43. Give s(-15).
-17
Let h(z) = -z**3 - 2*z**2 + 7*z + 2. What is h(-3)?
-10
Let b(w) = -3*w**2 - 7*w - 9. Give b(-3).
-15
Let r(m) = -m**3 - 6*m**2 + 5*m - 10. Determine r(-7).
4
Let g(c) = -c**2 - 12*c - 16. What is g(-10)?
4
Let w(l) = 5*l + 4. Calculate w(1).
9
Let z(n) = -14*n - 312. Give z(-24).
24
Let q(c) = 4*c + 24. Give q(-6).
0
Let q(o) = o**3 + 7*o**2 + 8*o + 4. Determine q(-5).
14
Let z(d) = d**3 + 6*d**2 - 3*d - 12. What is z(-6)?
6
Let j(d) = d**2 + 10*d - 1. What is j(-9)?
-10
Let h(n) = n**3 - n**2 - 3*n + 1. Calculate h(2).
-1
Let f(g) = 312*g + 1558. What is f(-5)?
-2
Let i(f) = -2*f + 30. Calculate i(12).
6
Let s(t) = 26*t - 241. Give s(9).
-7
Let v(o) = 34*o + 18. What is v(-1)?
-16
Let u(j) = j**2 - 9*j - 4. What is u(8)?
-12
Let q(r) = 41*r - 281. What is q(7)?
6
Let u(p) = -p**3 - 18*p**2 + 16. Give u(-18).
16
Let o(y) = 138*y - 6. What is o(0)?
-6
Let n(t) = t**2 + 6*t + 2. Calculate n(-5).
-3
Let k(d) = 73*d + 357. Determine k(-5).
-8
Let m(f) = -f**3 + 4*f**2 + 4*f + 2. Determine m(0).
2
Let d(w) = -5*w - 12. Give d(-8).
28
Let z(y) = -8*y + 21. What is z(16)?
-107
Let y(z) = z**2 - 8*z - 11. What is y(8)?
-11
Let v(r) = -111*r - 673. Calculate v(-6).
-7
Let l(b) = b**3 - 4*b**2 + 3*b + 1. What is l(5)?
41
Let r(x) = x**3 - 18*x**2 + x + 6. What is r(18)?
24
Let x(u) = u**2 + 3*u - 138. What is x(0)?
-138
Let i(j) = j**3 - 7*j**2 - 2*j - 9. Give i(8).
39
Let v(m) = 3*m**2 + 167*m - 71. Calculate v(-56).
-15
Let u(z) = z**3 - 3*z**2 - 17*z - 10. Calculate u(6).
-4
Let i(b) = 3*b - 12. Calculate i(6).
6
Let j(v) = v**3 + 20*v**2 + 34*v - 20. What is j(-18)?
16
Let h(k) = -k**3 - 18*k**2 + 13*k - 107. Calculate h(-19).
7
Let m(u) = -u**2 - 11*u - 27. Calculate m(-3).
-3
Let j(q) = q**3 - 7*q**2 + 9*q + 2. Give j(4).
-10
Let n(i) = i**3 - 7*i**2 - 13*i - 47. Give n(9).
-2
Let m(h) = h. Determine m(6).
6
Let q(v) = -v**3 + 6*v**2 + 5*v - 2. Calculate q(7).
-16
Let a(j) = -2*j - 13. Give a(-11).
9
Let l(t) = -t**2 - 3*t - 4. Determine l(-4).
-8
Let i(j) = -29*j + 549. Calculate i(19).
-2
Let b(t) = -t + 7. Give b(15).
-8
Let t(d) = -2*d - 1. Determine t(0).
-1
Let u(f) = 8*f - 22. Give u(5).
18
Let a(b) = b**2 - 17*b + 24. Determine a(11).
-42
Let i(y) = 2*y**2 - 23*y + 16. What is i(11)?
5
Let g(a) = -a**2 - 8*a + 30. Determine g(-11).
-3
Let f(h) = h**2 + 5*h - 17. Give f(-7).
-3
Let m(f) = -3*f + 9. Determine m(9).
-18
Let m(g) = -g**3 - 11*g**2 + 26*g. What is m(-13)?
0
Let d(i) = 2*i**2 - 15*i + 23. Give d(2).
1
Let t(g) = -g**3 + 25*g**2 - 6*g + 176. Determine t(25).
26
Let k(y) = -y**3 + 51*y**2 - 51*y + 49. What is k(50)?
-1
Let g(a) = -5*a + 40. Calculate g(12).
-20
Let q(k) = -2*k - 46. Give q(10).
-66
Let t(a) = a**3 + 9*a**2 + 13*a - 1. Give t(-7).
6
Let g(l) = l**3 - 12*l**2 + 3*l - 37. Give g(12).
-1
Let b(c) = c**3 - c**2 - 2*c. What is b(2)?
0
Let g(h) = -h**2 - 4*h + 7. What is g(0)?
7
Let m(i) = i**2 + 4*i - 7. Calculate m(-7).
14
Let c(z) = -5*z - 81. What is c(-16)?
-1
Let v(h) = 2*h**2 - 43*h - 24. Calculate v(22).
-2
Let p(s) = 9*s - 116. Determine p(13).
1
Let g(x) = x**2 + 4*x - 3. Calculate g(-6).
9
Let b(k) = -9*k**2 + k + 1. What is b(-1)?
-9
Let x(d) = -d**2 + 11*d - 20. Give x(13).
-46
Let q(l) = l**2 + 10*l + 1. Calculate q(-6).
-23
Let q(h) = 2*h + 7. Calculate q(-10).
-13
Let n(v) = -10*v - 12. Determine n(-4).
28
Let w(c) = -c**3 - 1. Calculate w(0).
-1
Let r(f) = -7*f - 5. What is r(-3)?
16
Let x(d) = d**3 - 7*d**2 - 9*d + 20. What is x(8)?
12
Let i(h) = -h**2 - 2*h - 7. Calculate i(-4).
-15
Let i(b) = b**3 - 28*b**2 + 31*b - 105. Give i(27).
3
Let l(a) = a**3 - 6*a**2 - 7*a - 7. Give l(7).
-7
Let j(f) = -f**2 - 10*f + 49. Give j(-14).
-7
Let b(k) = -k**3 - 25*k**2 + 2*k + 57. Determine b(-25).
7
Let t(s) = -s**2 - 11*s - 16. Give t(-7).
12
Let n(h) = 4*h - 1. What is n(-1)?
-5
Let j(l) = -5*l + 22. Give j(6).
-8
Let u(j) = j**3 - 15*j**2 + 23*j - 10. Determine u(14).
116
Let w(q) = -21*q**2 + 3. Determine w(2).
-81
Let k(g) = -3*g**2 - g + 2. Give k(1).
-2
Let h(s) = s**3 + 5*s**2 + 3*s + 17. Give h(-4).
21
Let k(t) = -t**2 - 4*t + 7. Determine k(-4).
7
Let b(i) = i**3 + 2*i**2 + 3*i + 10. What is b(-3)?
-8
Let c(j) = 9*j - 15. What is c(7)?
48
Let o(m) = m**3 - 11*m**2 + 2*m - 12. What is o(11)?
10
Let w(z) = -z**3 + 9*z**2 - 10*z + 21. What is w(8)?
5
Let x(d) = -d**2 - 3*d - 120. Determine x(0).
-120
Let z(g) = -g**2 - 30*g - 79. Determine z(-27).
2
Let u(o) = -o**3 + 6*o**2 - 8*o + 7. Give u(6).
-41
Let i(d) = -d**3 - 28*d**2 + 65*d + 128. Give i(-30).
-22
Let n(i) = -13*i**3 - 2*i**2 - 2*i - 1. Calculate n(-1).
12
Let m(c) = c**2 + 9*c + 14. Determine m(-8).
6
Let i(b) = b**3 - 7*b**2 + 2*b. Determine i(4).
-40
Let a(m) = 2*m**3 + 3*m**2 + m - 6. What is a(0)?
-6
Let d(v) = v**2 - 23*v + 75. Give d(22).
53
Let z(c) = -c**3 + 2*c**2 + c + 1. Give z(3).
-5
Let a(q) = -q**3 + 9*q**2 - 9*q + 3. Determine a(8).
-5
Let y(i) = -3*i + 8. Give y(9).
-19
Let j(n) = 2*n - 32. Calculate j(18).
4
Let a(i) = i**2 - 12*i - 4. D